0) + 4 + -6?
-3
Calculate -5 - (-3 - 1 - -3) - (-30 - -25).
1
What is the value of 13 - (12 + 8 + -9)?
2
What is the value of (1 - 6 - (1 + 4)) + -72 + 71?
-11
What is the value of -15 - (18 + -17) - -21?
5
What is the value of -14 - 7 - -12 - (-25 + 20)?
-4
What is 3 + 8 - (53 - 3 - 26)?
-13
33 + -30 + 1 + 37 + -1 + -3
37
Evaluate 1 + -3 - ((-6 - 3) + 15).
-8
Calculate 12 - (16 - 4) - 9.
-9
-3 + 3 + (2 - 6) - (-5 - -1)
0
What is the value of (-13 - (13 - 24)) + (-2 - -2)?
-2
What is -1 + -12 - -12 - -13?
12
What is 0 + -5 + (22 - 12) + -11?
-6
Calculate -6 - -20 - (16 - 7).
5
Evaluate 6 - (22 - (-11 + 26)).
-1
What is 5 + (-45 - -30 - -21)?
11
What is the value of (-2 - (-9 - 1) - 5) + -21?
-18
What is the value of -2 + -7 + (-27 - -58 - 24) - -11?
9
What is the value of (17 - 3 - 10) + (7 - 41)?
-30
(-31 - -25) + 2 - (2 - -9)
-15
What is the value of 71 + -68 - (-1 - 12)?
16
What is 30 + -11 - 32 - (-27 + -1)?
15
What is -701 + 676 - (1 - 15)?
-11
What is -5 + 1 + -3 + 263 + -264?
-8
Evaluate 1 + (5 - 17 - (2 - 11)).
-2
What is the value of -5 + 11 + -11 - -7?
2
Evaluate 16 + 6 + -4 + -19.
-1
Calculate (-8 - 1) + 13 - 12.
-8
What is the value of -18 + (10 + -11 - -4)?
-15
What is 0 + 2 + 5 + 94 + -104?
-3
What is the value of (16 - (27 - 13)) + -11?
-9
What is the value of -196 - -194 - (-1 + -24)?
23
What is the value of (-11 - -22) + (-18 - -3)?
-4
What is the value of -12 + 8 + (-11 - 12) + 3?
-24
What is the value of 0 + -9 + (1 - (-16 - -8))?
0
What is 1 + -3 - 6 - (96 + -118)?
14
-5 + (10 - 9 - -1) + (-3 - -19)
13
What is the value of -5 + -2 + -58 + 29 + 21?
-15
What is the value of (3 - (-4 - -8)) + 0 + 7 + -1?
5
Evaluate -2 + (-4 - (8 - 11)) - -4.
1
Calculate 11 + (1 + 9 - 10) - 6.
5
What is the value of 2 + -1 + 1 + (-28 - (-15 - 14))?
3
What is the value of -15 + (-5 - -24 - 6) - (0 + 0)?
-2
Calculate 6 + (-5 + (-11 - -9) - (9 + -21)).
11
(-14 - 0 - -18) + 4 + -20
-12
Calculate (-12 + 2 - -2) + -1.
-9
What is the value of 16 + -4 + 0 + (-50 - -46)?
8
What is 6 + 25 - 17 - 0?
14
Evaluate (7 - ((-2 - -3) + 2) - -1) + -5.
0
Calculate (13 - 15) + 15 - (15 + 5).
-7
What is -810 + 834 + (-43 - 0)?
-19
Evaluate 93 + -84 - (2 - 11).
18
Calculate -9 + 3 - (-5 + 9).
-10
3 + -3 + 1 + (33 - 31)
3
What is 470 + -488 - (-13 - 1)?
-4
(-4 - -5 - (-29 + 15 + 9)) + -36
-30
What is the value of -16 + (-11 - -40) - 9 - (1 + -1)?
4
(59 - 67) + (0 - -2) - 11
-17
What is -13 - -2 - (-4 + -3 + -3 + 7)?
-8
What is the value of (-10 - 1) + -27 + 41 + -1?
2
((1 - 1) + -5 - 13) + 9 + -9
-18
Evaluate -809 + 815 + (6 + 0 - -2).
14
-3 + (1 - 4 - 8) - (571 + -581)
-4
Evaluate 9 + -13 + (1 - -4) - 2 - 5.
-6
What is the value of -5 + 5 - (-19 + 0 + 13 - 12)?
18
Calculate -19 - (28 + -44) - (0 - (-2 + 0)).
-5
What is the value of (3 - (0 - -2)) + 6 + -4 + 6?
9
What is the value of -1 + 1 + 7 + (765 - 780) + 9?
1
Calculate (9 + -21 - 1) + 26.
13
What is -7 + -11 - (-47 - (24 + -33))?
20
Evaluate 7 + (-9 + 7 - 6) + 8.
7
Evaluate 2 + (-9 - -13) + -15 + -20.
-29
What is the value of -5 - (-12 + (23 - 8) + 17)?
-25
What is the value of (8 + 5 + -13 - 1 - -9) + -30?
-22
What is 12 + 9 + -8 + 1?
14
204 + -208 + (0 - -17) + -19
-6
502 + -549 + 21 + 3
-23
8 - (18 + (16 - 10))
-16
What is -14 - (0 + -3 + -3)?
-8
What is the value of 6 + 8 + -16 + 3 - 13?
-12
Evaluate (10 - 0) + -169 + 162.
3
Calculate -3 - (-293 + 276 + (0 - -9)).
5
Evaluate -6 + 9 - (-3 + 9 + -29 + 8).
18
What is the value of (-304 - -304) + (-5 - -3 - -11)?
9
(3 + -16 + -3 - 5) + (2 - 2)
-21
What is 20 - (7 + -4 + (2 - -7) + -8)?
16
Calculate -5 + (-52 + 82 - (-16 + 0)).
41
(1 - 22 - -2) + 16 + -7 + -1
-11
Evaluate 1 - (0 - (-7 + 7 + 6)) - -4.
11
Calculate 4 - (12 - ((3 - -5) + -4)).
-4
Evaluate 22 - (78 + (-14 - 28)).
-14
Evaluate (-10 - -17) + 5 + (-11 - -5 - -7).
13
6 + 0 + -1 + -2
3
Calculate 28 - 18 - (-21 - -9).
22
1 + -14 + -130 + 134 - 13
-22
What is the value of 2 + 0 - (-32 + 7 - -7)?
20
What is -20 - (3 + 11 + -27)?
-7
Evaluate -8 + 8 + -3 + (10 - 0 - 1).
6
What is 8 - (-4 + -9 + 28)?
-7
Calculate -1 - -11 - (-7 + 2 - -4).
11
Evaluate 3 - (-1 + 3) - (11 - 8) - 14.
-16
What is the value of (13 - 7 - -4) + -8?
2
Calculate -8 + 7 + -7 + 13 + 1.
6
Calculate (-12 - (28 - 56)) + 1 + -10.
7
Calculate 0 + (-1 - -1 - 0 - (-126 + 115)).
11
What is 1 - ((-14 - -6) + 22 - (9 - 2))?
-6
What is (-35 - -13 - 4) + (13 - 14)?
-27
What is -12 + (-11 - (10 - (1 + 13)))?
-19
Evaluate 29 + (-8 - (21 - 10)).
10
What is the value of -5 + (6 - 17 - -36) - 4?
16
What is (-213 - -188) + (9 - -3)?
-13
Evaluate -11 - (4 - 6) - -1.
-8
Calculate -19 + 34 + -4 + (0 - 6).
5
Calculate 7 + 9 + -4 + (5 - (6 + -4)).
15
Evaluate -30 + 4 + 0 + -131 + 134.
-23
Evaluate -1 + 45 + -214 + 185.
15
What is the value of -2 + 2 + 14 + -22?
-8
Calculate (20 - (20 + -9)) + (-13 - -6).
2
What is the value of 444 + -446 + (-1 - 0) + 11?
8
What is 1 - 8 - (10 - 24) - 1?
6
Calculate 7 + 1 + (-71 - -50 - (3 - 1)).
-15
Calculate 16 + 2 + (-11 - -5).
12
29 - 10 - 5 - 18
-4
What is the value of 8 + (8 - 0 - (290 - 263))?
-11
What is -4 + -2 + 8 - -1 - 1?
2
What is the value of -25 - -16 - (3 - 6)?
-6
Evaluate 5 - (-11 - (0 - 8)).
8
Calculate 26 - (-2 + 20 + -12).
20
What is -45 - -4 - (103 - 127)?
-17
Calculate -23 - -3 - (-17 + -9).
6
Calculate 37 - (17 - (-10 - (-3 + -9))).
22
Calculate (6 - 5) + -18 - 2.
-19
Evaluate (27 - 18 - (-3 + 1)) + -6.
5
6 - -10 - (87 - 69)
-2
What is the value of 9 + (10 + -1 - 32 - -7)?
-7
Calculate 29 - (7 + -14 + 52).
-16
What is 1 - ((3 - 4 - -5) + -2 + -5)?
4
Calculate 32 + 27 + (-62 - -22).
19
Calculate 10 - ((9 - -1) + -43 + 37).
6
(-9 - (-7 + (2 - 1))) + (18 - -6)
21
Evaluate 0 + 8 + (47 - 68 - 12).
-25
-5 + 1 + (37 - 32) - (5 + -4)
0
Evaluate 14 - 6 - -6 - 2.
12
What is the value of 5 + (13 + 1 + 0 + 2 - 5)?
16
Calculate 4 + 1 + (1 + -9 - -10).
7
Calculate 33 + (10 - 23) - 32.
-12
Calculate 12 + 5 + -34 + 14.
-3
Calculate 12 + -22 + (3 - -1) + 4 + 10.
8
Calculate (-48 - 48) + 83 - (-1 - -19).
-31
Evaluate -48 - -41 - (-18 + -17).
28
-11 - ((18 - 20) + -2 + 14)
-21
(-9 + 11 - -3 - 11) + 12 + -9
-3
What is the value of -15 - (6 + -2) - -12?
-7
What is 3 + 7 + -14 + -2 - (-6 - -1)?
-1
34 + 35 + -6 + -52
11
What is (45 - 12) + (-30 - -16)?
19
Evaluate -6 - (-2 - -6 - 12).
2
70 + -80 + 36 - (15 - -1)
10
What is the value of 6 + -7 + 0 + (96 - 89) - 14?
-8
What is the value of (14 - 14 - 13) + 9?
-4
What is the value of (27 - 3 - 1) + -4?
19
-1 + 5 + 0 + 1 + (3 - 14)
-6
Evaluate (20 - 0) + 13 + -13 + -7.
13
What is (5 + 1 - (-4 + 14)) + 9?
5
-2 - (-13 + -8) - ((5 - 12) + -3)
29
21 + 7 + -2 + -15
11
What is the value of (0 - 12) + 1 + -11 + 0?
-22
Calculate -62 + 22 - (-14 + -14).
-12
Calculate -15 - 6 - -4 - (-45 + 40).
-12
Evaluate (-54 + 51 - (-3 + -5)) + -15.
-10
What is the value of 142 - 121 - (-1 + -2)?
24
Calculate 17 + 15 + -25 + -3 + 6 + -1.
9
What is (10 - 4 - (16 + -4)) + -13?
-19
Calculate -1 + 4 - (-9 + (3 - 10 - -14)).
5
(-3 - -4) + 4 - (-16 - -33) - -6
-6
Evaluate -13 + (-3 - 1 - (-15 - -9)).
-11
(2 - (22 + -7) - -10) + 14 + 1
12
What is -48 - (7 - 22) - -21?
-12
13 + -16 + (14 - 11)
0
Evaluate 28 + (-42 - 33) - -43.
-4
What is the value of 40 - (-12 - (-19 - 18))?
15
What is the value of 1 - (4 + -2) - -18 - (-1156 + 1163)?
10
What is -18 + (3 - 5) - (-101 - -89)?
-8
What is the value of (1 - (5 + -10)) + -3 + -1?
2
Evaluate (15 - 6) + 0 + 3 + -5.
7
-5 + (2 - -5) + -23 + -5 + 11
-15
Evaluate -19 - -30 - (3 + 5).
3
33 + -59 - -32 - (1 - -24)
-19
What is the value of (-63 - -42) + 17 - (1 + -14)?
9
(-1 - 10) + (-36 - -51) + 0
4
What is the value of -3 + (3 - 12) + 12 + 2 + -3?
-1
What is -28 + (31 - -21) + -34?
-10
What is the value of (13 + 8 + -22 - 0) + -1 + -2?
-4
Evaluate (-3 - 25) + (135 - 117) + 2 + 35.
27
Evaluate (0 + -8 - (2 - 2)) + 5 + 8.
5
What is -9 - (-7 - 4) - (-4 - -5)?
1
19 + 11 + -24 + -3
3
Evaluate -5 - ((29 + -19 - 17) + (-2 - 10)).
14
Calculate -35 - (-29 - (-45 - -39)).
-12
What is the value of -8 - (-10 + 4 - -3 - -6)?
-11
What is 1 + -4 + 4 + 6 + (-6 - -4)?
5
What is (4 - 1) + -42 + 71 + 6?
38
3 + -1 - -13 - -8
23
(5 - -1) + -31 + -16 + 18
-23
-219 - -254 - (-2 + -14) - 20
31
Evaluate 7 + (-25 - -15) + 3.
0
What is 29 + -3 + -27 + 8?
7
What is the value of (5 - (3 - -1)) + -8 